{"id":1593,"date":"2022-01-20T18:07:14","date_gmt":"2022-01-20T17:07:14","guid":{"rendered":"http:\/\/bonn.fr\/?page_id=1593"},"modified":"2023-11-27T20:31:34","modified_gmt":"2023-11-27T19:31:34","slug":"aperitif","status":"publish","type":"page","link":"https:\/\/bonn.fr\/index.php\/aperitif\/","title":{"rendered":"Ap\u00e9ritif"},"content":{"rendered":"<h2>Ap\u00e9ritif<\/h2>\n<p>Fra\u00eecheur de l\u00e9gumes crus et son ancho\u00efade maison<br \/>5 personnes \/ 15 \u20ac HT<\/p>\n<p>Rillettes de saumon frais et fum\u00e9 en bocal le \u00ab&nbsp;parfait et ses croutons<br \/>Bocal et accompagnement 5 personnes \/ 15 \u20ac HT<\/p>\n<p>Foccacia au jambon cru, tomates s\u00e9ch\u00e9es et parmesan Reggiano<br \/>12 pi\u00e8ces \/ 15 \u20ac HT<\/p>\n<p>Plateau de sucettes grill\u00e9es : poulet au curry, magret de canard au miel, l\u00e9gumes au basilic<br \/>18 pi\u00e8ces \/ 25 \u20ac HT<\/p>\n<p>A partager, \u00ab guacamole maison \u00bb et ses tortillas mexicaines<br \/>5 personnes \/ 12 \u20ac HT<\/p>\n<p>Mini cheese burgers de b\u0153uf au fromage bleu et oignons confit<br \/>18 pi\u00e8ces \/ 25 \u20ac HT<\/p>\n<p>Mini croque-monsieur jambon cru, Comt\u00e9 et huile de truffe<br \/>20 pi\u00e8ces \/ 25 \u20ac HT<\/p>\n<p>Mini pan bagnat ni\u00e7ois, thon et tapenade au basilic<br \/>12 pi\u00e8ces \/ 15 \u20ac HT<\/p>\n<p><strong>***************************************<\/strong><strong style=\"font-family: inherit; font-style: inherit; color: var( --e-global-color-secondary ); letter-spacing: 0px;\">*****<\/strong><\/p>\n<p>\t\t\t\t\t\t\t\t\t\t\t\t<img decoding=\"async\" width=\"400\" height=\"400\" src=\"http:\/\/bonn.fr\/wp-content\/uploads\/2019\/09\/Bon_Traiteur_ap\u00e9ritif_cocktail-400x400.jpeg\" alt=\"\" loading=\"lazy\" \/>\t\t\t\t\t\t\t\t\t\t\t\t\t\t<\/p>\n<h2>Cocktail d\u00e9jeunatoire ou d\u00eenatoire<\/h2>\n<p><strong>25 \u20ac HT par personn<\/strong><strong>e<\/strong><\/p>\n<p>Billes de rillettes de saumon frais et fum\u00e9, biscuit croustillant aux graines<\/p>\n<p>Barigoule artichauts aux tomates confites, jambon crispy<\/p>\n<p>Cr\u00e8me Dubarry, \u00e9mulsion \u00e0 l\u2019huile de truffe<\/p>\n<p>Profiteroles d\u2019escargots au roquefort et pousses d\u2019\u00e9pinards<\/p>\n<p>Gougeonnettes de cabillaud fa\u00e7on Fish &amp; Chips, sauce tartare maison<\/p>\n<p>Fra\u00eecheur de l\u00e9gumes, mangue et coriandre en feuille de riz, sauce soja<\/p>\n<p>Aillerons de volaille cuits au bacon et vin rouge<\/p>\n<p>***<\/p>\n<p>Tartelettes au chocolat noir Guanaja et confit de framboises<\/p>\n<p>Cr\u00e8mes renvers\u00e9es au caramel et anis \u00e9toil\u00e9<\/p>\n<p>Brochettes de fruits frais de saison<\/p>\n<p><strong>*********************************************<\/strong><\/p>\n<p><em>Chef : Olivier BERGELIN, disciple d\u2019Auguste ESCOFFIER<\/em><\/p>\n<p><em>Possibilit\u00e9 : ajout de mat\u00e9riel, location de mat\u00e9riel (livr\u00e9 propre et rendu sale)<br \/>Tous nos tarifs sont affich\u00e9s hors-taxes (suivant la prestation des taxes diff\u00e9rentes s\u2019appliquent :\u00a0 5,5%, 10% ou 20%)<\/em><\/p>\n<p><em>Nos menus \u00e9voluent avec les produits frais suivant les saisons et peuvent \u00eatre amen\u00e9s \u00e0 changer.<br \/><\/em><em>Nous nous adaptons \u00e0 vos besoins, contactez-nous pour votre devis.<\/em><\/p>\n","protected":false},"excerpt":{"rendered":"<p>Ap\u00e9ritif Fra\u00eecheur de l\u00e9gumes crus et son ancho\u00efade maison5 personnes \/ 15 \u20ac HT Rillettes de saumon frais et fum\u00e9 en bocal le \u00ab&nbsp;parfait et ses croutonsBocal et accompagnement 5 personnes \/ 15 \u20ac HT Foccacia au jambon cru, tomates [&hellip;]<\/p>\n","protected":false},"author":1,"featured_media":0,"parent":0,"menu_order":0,"comment_status":"closed","ping_status":"closed","template":"","meta":{"footnotes":""},"class_list":["post-1593","page","type-page","status-publish","hentry"],"_links":{"self":[{"href":"https:\/\/bonn.fr\/index.php\/wp-json\/wp\/v2\/pages\/1593","targetHints":{"allow":["GET"]}}],"collection":[{"href":"https:\/\/bonn.fr\/index.php\/wp-json\/wp\/v2\/pages"}],"about":[{"href":"https:\/\/bonn.fr\/index.php\/wp-json\/wp\/v2\/types\/page"}],"author":[{"embeddable":true,"href":"https:\/\/bonn.fr\/index.php\/wp-json\/wp\/v2\/users\/1"}],"replies":[{"embeddable":true,"href":"https:\/\/bonn.fr\/index.php\/wp-json\/wp\/v2\/comments?post=1593"}],"version-history":[{"count":75,"href":"https:\/\/bonn.fr\/index.php\/wp-json\/wp\/v2\/pages\/1593\/revisions"}],"predecessor-version":[{"id":1799,"href":"https:\/\/bonn.fr\/index.php\/wp-json\/wp\/v2\/pages\/1593\/revisions\/1799"}],"wp:attachment":[{"href":"https:\/\/bonn.fr\/index.php\/wp-json\/wp\/v2\/media?parent=1593"}],"curies":[{"name":"wp","href":"https:\/\/api.w.org\/{rel}","templated":true}]}}

Apéritif

<h2>Apéritif</h2>
<p>Fraîcheur de légumes crus et son anchoïade maison<br />5 personnes / 15 € HT</p>
<p>Rillettes de saumon frais et fumé en bocal le «&nbsp;parfait et ses croutons<br />Bocal et accompagnement 5 personnes / 15 € HT</p>
<p>Foccacia au jambon cru, tomates séchées et parmesan Reggiano<br />12 pièces / 15 € HT</p>
<p>Plateau de sucettes grillées : poulet au curry, magret de canard au miel, légumes au basilic<br />18 pièces / 25 € HT</p>
<p>A partager, « guacamole maison » et ses tortillas mexicaines<br />5 personnes / 12 € HT</p>
<p>Mini cheese burgers de bœuf au fromage bleu et oignons confit<br />18 pièces / 25 € HT</p>
<p>Mini croque-monsieur jambon cru, Comté et huile de truffe<br />20 pièces / 25 € HT</p>
<p>Mini pan bagnat niçois, thon et tapenade au basilic<br />12 pièces / 15 € HT</p>
<p><strong>***************************************</strong><strong style="font-family: inherit; font-style: inherit; color: var( --e-global-color-secondary ); letter-spacing: 0px;">*****</strong></p>
<p>												<img decoding="async" width="400" height="400" src="http://bonn.fr/wp-content/uploads/2019/09/Bon_Traiteur_apéritif_cocktail-400x400.jpeg" alt="" loading="lazy" />														</p>
<h2>Cocktail déjeunatoire ou dînatoire</h2>
<p><strong>25 € HT par personn</strong><strong>e</strong></p>
<p>Billes de rillettes de saumon frais et fumé, biscuit croustillant aux graines</p>
<p>Barigoule artichauts aux tomates confites, jambon crispy</p>
<p>Crème Dubarry, émulsion à l’huile de truffe</p>
<p>Profiteroles d’escargots au roquefort et pousses d’épinards</p>
<p>Gougeonnettes de cabillaud façon Fish &amp; Chips, sauce tartare maison</p>
<p>Fraîcheur de légumes, mangue et coriandre en feuille de riz, sauce soja</p>
<p>Aillerons de volaille cuits au bacon et vin rouge</p>
<p>***</p>
<p>Tartelettes au chocolat noir Guanaja et confit de framboises</p>
<p>Crèmes renversées au caramel et anis étoilé</p>
<p>Brochettes de fruits frais de saison</p>
<p><strong>*********************************************</strong></p>
<p><em>Chef : Olivier BERGELIN, disciple d’Auguste ESCOFFIER</em></p>
<p><em>Possibilité : ajout de matériel, location de matériel (livré propre et rendu sale)<br />Tous nos tarifs sont affichés hors-taxes (suivant la prestation des taxes différentes s’appliquent :  5,5%, 10% ou 20%)</em></p>
<p><em>Nos menus évoluent avec les produits frais suivant les saisons et peuvent être amenés à changer.<br /></em><em>Nous nous adaptons à vos besoins, contactez-nous pour votre devis.</em></p>

<p>Apéritif Fraîcheur de légumes crus et son anchoïade maison5 personnes / 15 € HT Rillettes de saumon frais et fumé en bocal le «&nbsp;parfait et ses croutonsBocal et accompagnement 5 personnes / 15 € HT Foccacia au jambon cru, tomates [&hellip;]</p>
